{"id":20,"date":"2022-11-04T09:03:40","date_gmt":"2022-11-04T09:03:40","guid":{"rendered":"https:\/\/hostalvalledeliregua.com\/?page_id=20"},"modified":"2022-11-04T12:43:29","modified_gmt":"2022-11-04T12:43:29","slug":"inicio","status":"publish","type":"page","link":"https:\/\/hostalvalledeliregua.com\/","title":{"rendered":"Inicio"},"content":{"rendered":"\n<script type=\"text\/javascript\">\r\ndocument.addEventListener(\"DOMContentLoaded\", function(event) { \r\n\tjQuery( '#slider-pro-3-15' ).sliderPro({\r\n\t\t\/\/width\r\n\t\t\t\twidth: 1000,\r\n\t\t\t\t\r\n\t\t\/\/height\r\n\t\t\t\theight: 350,\r\n\t\t\t\t\r\n\t\t\/\/auto play\r\n\t\t\t\tautoplay:  true,\r\n\t\tautoplayOnHover: 'none',\r\n\t\t\t\t\t\t\t\tautoplayDelay: 5000,\r\n\t\t\r\n\t\t\r\n\t\tarrows: true,\r\n\t\tbuttons: true,\r\n\t\tsmallSize: 500,\r\n\t\tmediumSize: 1000,\r\n\t\tlargeSize: 3000,\r\n\t\tfade: true,\r\n\t\t\r\n\t\t\/\/thumbnail\r\n\t\tthumbnailArrows: true,\r\n\t\tthumbnailWidth: 120,\r\n\t\tthumbnailHeight: 120,\r\n\t\t\t\t\t\tthumbnailsPosition: 'bottom',\r\n\t\t\t\t\t\tcenterImage: true,\r\n\t\timageScaleMode: 'cover',\r\n\t\tallowScaleUp: true,\r\n\t\t\t\tstartSlide: 0,\r\n\t\tloop: true,\r\n\t\tslideDistance: 5,\r\n\t\tautoplayDirection: 'normal',\r\n\t\ttouchSwipe: true,\r\n\t\tfullScreen: true,\r\n\t});\r\n});\r\n<\/script>\r\n<style>\r\n\/* Layout 3 *\/\r\n\/* border *\/\r\n#slider-pro-3-15 .sp-selected-thumbnail {\r\n\tborder: 4px solid #000000;\r\n}\r\n\r\n\/* font + color *\/\r\n.title-in  {\r\n\tfont-family: Arial !important;\r\n\tcolor: #FFFFFF !important;\r\n\tbackground-color: #000000 !important;\r\n\topacity: 0.7 !important;\r\n}\r\n.desc-in  {\r\n\tfont-family: Arial !important;\r\n\tcolor: #FFFFFF !important;\r\n\tbackground-color: #00000 !important;\r\n\topacity: 0.7 !important;\r\n}\r\n\r\n\/* bullets color *\/\r\n.sp-button  {\r\n\tborder: 2px solid #000000 !important;\r\n}\r\n.sp-selected-button  {\r\n\tbackground-color: #000000 !important;\r\n}\r\n\r\n\/* pointer color - bottom *\/\r\n.sp-selected-thumbnail::before {\r\n\tborder-bottom: 5px solid #000000 !important;\r\n}\r\n.sp-selected-thumbnail::after {\r\n\tborder-bottom: 13px solid #000000 !important;\r\n}\r\n\r\n\/* pointer color - top *\/\r\n\r\n\/* full screen icon *\/\r\n.sp-full-screen-button::before {\r\n    color: #FFFFFF !important;\r\n}\r\n\r\n\/* hover navigation icon color *\/\r\n.sp-next-arrow::after, .sp-next-arrow::before {\r\n\tbackground-color: #FFFFFF !important;\r\n}\r\n.sp-previous-arrow::after, .sp-previous-arrow::before {\r\n\tbackground-color: #FFFFFF !important;\r\n}\r\n\r\n#slider-pro-3-15 .title-in {\r\n\tcolor: #FFFFFF !important;\r\n\tfont-weight: bolder;\r\n\ttext-align: center;\r\n}\r\n\r\n#slider-pro-3-15 .title-in-bg {\r\n\tbackground: rgba(255, 255, 255, 0.7); !important;\r\n\twhite-space: unset !important;\r\n\tmax-width: 90%;\r\n\tmin-width: 40%;\r\n\ttransform: initial !important;\r\n\t-webkit-transform: initial !important;\r\n\tfont-size: 14px !important;\r\n}\r\n\r\n#slider-pro-3-15 .desc-in {\r\n\tcolor: #FFFFFF !important;\r\n\ttext-align: center;\r\n}\r\n#slider-pro-3-15 .desc-in-bg {\r\n\tbackground: rgba(#00000, 0.7) !important;\r\n\twhite-space: unset !important;\r\n\twidth: 80% !important;\r\n\tmin-width: 30%;\r\n\ttransform: initial !important;\r\n\t-webkit-transform: initial !important;\r\n\tfont-size: 13px !important;\r\n}\r\n\r\n@media (max-width: 640px) {\r\n\t#slider-pro-3-15 .hide-small-screen {\r\n\t\tdisplay: none;\r\n\t}\r\n}\r\n\r\n@media (max-width: 860px) {\r\n\t#slider-pro-3-15 .sp-layer {\r\n\t\tfont-size: 18px;\r\n\t}\r\n\t\r\n\t#slider-pro-3-15 .hide-medium-screen {\r\n\t\tdisplay: none;\r\n\t}\r\n}\r\n.slides-not-found {\r\n\tbackground-color: #a92929;\r\n\tborder-radius: 5px;\r\n\tcolor: #fff;\r\n\tfont-family: initial;\r\n\ttext-align: center;\r\n\tpadding:12px;\r\n}\r\n\/* Custom CSS *\/\r\n<\/style>\r\n\t\t<div id=\"slider-pro-3-15\" class=\"slider-pro\">\r\n\t\t\t<!---- slides div start ---->\r\n\t\t\t<div class=\"sp-slides\">\r\n\t\t\t\t\t\t\t\t\t\t<div class=\"sp-slide\">\r\n\t\t\t\t\t\t\t<img decoding=\"async\" class=\"sp-image\" alt=\"Albelda\" src=\"https:\/\/hostalvalledeliregua.com\/wp-content\/plugins\/ultimate-responsive-image-slider\/assets\/css\/images\/blank.gif\" data-src=\"https:\/\/hostalvalledeliregua.com\/wp-content\/uploads\/2022\/11\/albelda1.png\" \/>\r\n\r\n\t\t\t\t\t\t\t\r\n\t\t\t\t\t\t\t\t\t\t\t\t\t<\/div>\r\n\t\t\t\t\t\t\t\t\t\t\t\t<div class=\"sp-slide\">\r\n\t\t\t\t\t\t\t<img decoding=\"async\" class=\"sp-image\" alt=\"palza albelda\" src=\"https:\/\/hostalvalledeliregua.com\/wp-content\/plugins\/ultimate-responsive-image-slider\/assets\/css\/images\/blank.gif\" data-src=\"https:\/\/hostalvalledeliregua.com\/wp-content\/uploads\/2022\/11\/plazaalbelda.jpg\" \/>\r\n\r\n\t\t\t\t\t\t\t\r\n\t\t\t\t\t\t\t\t\t\t\t\t\t<\/div>\r\n\t\t\t\t\t\t\t\t\t\t\t\t<div class=\"sp-slide\">\r\n\t\t\t\t\t\t\t<img decoding=\"async\" class=\"sp-image\" alt=\"valle\" src=\"https:\/\/hostalvalledeliregua.com\/wp-content\/plugins\/ultimate-responsive-image-slider\/assets\/css\/images\/blank.gif\" data-src=\"https:\/\/hostalvalledeliregua.com\/wp-content\/uploads\/2022\/11\/valleiregua.jpg\" \/>\r\n\r\n\t\t\t\t\t\t\t\r\n\t\t\t\t\t\t\t\t\t\t\t\t\t<\/div>\r\n\t\t\t\t\t\t\t\t\t\t\t\t<div class=\"sp-slide\">\r\n\t\t\t\t\t\t\t<img decoding=\"async\" class=\"sp-image\" alt=\"rio iregua\" src=\"https:\/\/hostalvalledeliregua.com\/wp-content\/plugins\/ultimate-responsive-image-slider\/assets\/css\/images\/blank.gif\" data-src=\"https:\/\/hostalvalledeliregua.com\/wp-content\/uploads\/2022\/11\/Rioiregua.jpg\" \/>\r\n\r\n\t\t\t\t\t\t\t\r\n\t\t\t\t\t\t\t\t\t\t\t\t\t<\/div>\r\n\t\t\t\t\t\t\t\t\t<\/div>\r\n\t\t\t\r\n\t\t\t<!---- slides div end ---->\r\n\t\t\t\t\t\t<!-- slides thumbnails div start -->\r\n\t\t\t<div class=\"sp-thumbnails\">\r\n\t\t\t\t\t\t\t\t\t\t<img decoding=\"async\" class=\"sp-thumbnail\" src=\"https:\/\/hostalvalledeliregua.com\/wp-content\/plugins\/ultimate-responsive-image-slider\/assets\/img\/loading.gif\" data-src=\"https:\/\/hostalvalledeliregua.com\/wp-content\/uploads\/2022\/11\/albelda1-300x111.png\" alt=\"Albelda\"\/>\r\n\t\t\t\t\t\t\t\t\t\t\t<img decoding=\"async\" class=\"sp-thumbnail\" src=\"https:\/\/hostalvalledeliregua.com\/wp-content\/plugins\/ultimate-responsive-image-slider\/assets\/img\/loading.gif\" data-src=\"https:\/\/hostalvalledeliregua.com\/wp-content\/uploads\/2022\/11\/plazaalbelda-300x225.jpg\" alt=\"palza albelda\"\/>\r\n\t\t\t\t\t\t\t\t\t\t\t<img decoding=\"async\" class=\"sp-thumbnail\" src=\"https:\/\/hostalvalledeliregua.com\/wp-content\/plugins\/ultimate-responsive-image-slider\/assets\/img\/loading.gif\" data-src=\"https:\/\/hostalvalledeliregua.com\/wp-content\/uploads\/2022\/11\/valleiregua-300x196.jpg\" alt=\"valle\"\/>\r\n\t\t\t\t\t\t\t\t\t\t\t<img decoding=\"async\" class=\"sp-thumbnail\" src=\"https:\/\/hostalvalledeliregua.com\/wp-content\/plugins\/ultimate-responsive-image-slider\/assets\/img\/loading.gif\" data-src=\"https:\/\/hostalvalledeliregua.com\/wp-content\/uploads\/2022\/11\/Rioiregua-300x225.jpg\" alt=\"rio iregua\"\/>\r\n\t\t\t\t\t\t\t\t<\/div>\r\n\t\t\t\t\t\t<!-- slides thumbnails div end -->\r\n\t\t<\/div>\r\n\n\n\n\n<div class=\"wp-block-columns is-layout-flex wp-container-core-columns-is-layout-9d6595d7 wp-block-columns-is-layout-flex\">\n<div class=\"wp-block-column is-layout-flow wp-block-column-is-layout-flow\">\n<p class=\"has-text-align-left\">El Hostal Valle del Iregua se encuentra en Albelda de Iregua, una localidad situada en el centro de&nbsp;<strong>La Rioja<\/strong>&nbsp;y a 10 minutos en coche de Logro\u00f1o, capital de&nbsp;<strong>La Rioja<\/strong>. Est\u00e1 muy bien conectada mediante autob\u00fas interurbano con la ciudad.<\/p>\n\n\n\n<p>El alojamiento es sencillo, muy acogedor y recepci\u00f3n 24 horas. Dispone de ascensor, calefacci\u00f3n, ba\u00f1o propio en todas las habitaciones, conexi\u00f3n WiFi gratuita en todo el establecimiento  previa solicitud. Adem\u00e1s, el pueblo dispone de restaurantes, bares y todo tipo de servicios.<\/p>\n\n\n<div class=\"wp-block-image\">\n<figure class=\"aligncenter size-full\"><img loading=\"lazy\" decoding=\"async\" width=\"300\" height=\"167\" src=\"https:\/\/hostalvalledeliregua.com\/wp-content\/uploads\/2022\/11\/albelda_plaza.jpg\" alt=\"plaza\" class=\"wp-image-26\"\/><figcaption class=\"wp-element-caption\">plaza<\/figcaption><\/figure>\n<\/div>\n\n\n<p>Albelda de Iregua est\u00e1 rodeada de un entorno natural que permite hacer bonitas rutas de senderismo de monta\u00f1a y la V\u00eda verde o romana que siguiendo el curso del rio Iregua conecta Logro\u00f1o con la Sierra de Cameros.<\/p>\n<\/div>\n\n\n\n<div class=\"wp-block-column is-layout-flow wp-block-column-is-layout-flow\">\n<p>La acogedora ciudad de&nbsp;<strong>Logro\u00f1o<\/strong>, ofrece un entra\u00f1able casco hist\u00f3rico en el que se encuentra la calle Laurel y la calle San Juan, zona de exquisito tapeo y vinos. Tambi\u00e9n oferta otras muchas actividades para todos los p\u00fablicos. Nos encontramos en un entorno tranquilo y cercano a toda La Rioja del que no muchos hoteles pueden disponer. Esto unido a nuestra excelente relaci\u00f3n calidad\/precio nos convierte en el mejor establecimiento de Albelda de Iregua en el que disfrutar de su estancia.<\/p>\n\n\n<div class=\"wp-block-image\">\n<figure class=\"aligncenter size-full\"><img loading=\"lazy\" decoding=\"async\" width=\"275\" height=\"183\" src=\"https:\/\/hostalvalledeliregua.com\/wp-content\/uploads\/2022\/11\/sierra-1.jpg\" alt=\"Sierra cebollera\" class=\"wp-image-30\"\/><figcaption class=\"wp-element-caption\">Sierra cebollera<\/figcaption><\/figure>\n<\/div>\n\n\n<p>El Hostal Valle del Iregua es un establecimiento familiar y muy cercano. Su personal hace que la estancia le resulte de lo m\u00e1s agradable y usted solo tenga que preocuparse de disfrutar.<\/p>\n<\/div>\n<\/div>\n\n\n\n<div class=\"wp-block-columns is-layout-flex wp-container-core-columns-is-layout-9d6595d7 wp-block-columns-is-layout-flex\">\n<div class=\"wp-block-column is-layout-flow wp-block-column-is-layout-flow\">\n<p>Las rutas del vino en&nbsp;<strong>La Rioja<\/strong>&nbsp;se encuentran tambi\u00e9n muy cerca, a tan solo 20 minutos. En esta zona se pueden realizar visitas guiadas a bodegas, catas de vinos y muchas otras actividades relacionadas con la cultura del vino, visitando localidades de&nbsp;<strong>La Rioja<\/strong>&nbsp;como Haro, Cenicero, Fuenmayor, Briones, San Vicente, Abalos de&nbsp;<strong>La Rioja Alta,<\/strong>&nbsp;y Aldeanueva, Calahorra, entre otras en&nbsp;<strong>La Rioja Baja<\/strong>.<\/p>\n\n\n<div class=\"wp-block-image\">\n<figure class=\"aligncenter size-full\"><img loading=\"lazy\" decoding=\"async\" width=\"300\" height=\"117\" src=\"https:\/\/hostalvalledeliregua.com\/wp-content\/uploads\/2022\/11\/rioja-alta.jpg\" alt=\"vi\u00f1edos\" class=\"wp-image-31\"\/><figcaption class=\"wp-element-caption\">vi\u00f1edos<\/figcaption><\/figure>\n<\/div>\n\n\n<p><\/p>\n<\/div>\n\n\n\n<div class=\"wp-block-column is-layout-flow wp-block-column-is-layout-flow\">\n<p>Otra ruta muy atractiva que tambi\u00e9n podemos encontrar es la del camino de Santiago que nos lleva a conocer preciosos monasterios como el de San Mill\u00e1n de la Cogolla, la catedral de N\u00e1jera y la de Santo Domingo de la Calzada.<\/p>\n\n\n<div class=\"wp-block-image\">\n<figure class=\"aligncenter size-full\"><img loading=\"lazy\" decoding=\"async\" width=\"272\" height=\"185\" src=\"https:\/\/hostalvalledeliregua.com\/wp-content\/uploads\/2022\/11\/camino-santiago.jpg\" alt=\"Camino de Santiago\" class=\"wp-image-32\"\/><figcaption class=\"wp-element-caption\">Camino de Santiago<\/figcaption><\/figure>\n<\/div>\n\n\n<p><\/p>\n<\/div>\n<\/div>\n","protected":false},"excerpt":{"rendered":"<p>El Hostal Valle del Iregua se encuentra en Albelda de Iregua, una localidad situada en el centro de&nbsp;La Rioja&nbsp;y a 10 minutos en coche de Logro\u00f1o, capital de&nbsp;La Rioja. Est\u00e1 muy bien conectada mediante autob\u00fas interurbano con la ciudad. El alojamiento es sencillo, muy acogedor y recepci\u00f3n 24 horas. Dispone de ascensor, calefacci\u00f3n, ba\u00f1o propio&#8230;<\/p>\n","protected":false},"author":1,"featured_media":0,"parent":0,"menu_order":0,"comment_status":"closed","ping_status":"closed","template":"","meta":{"_kad_post_transparent":"","_kad_post_title":"","_kad_post_layout":"normal","_kad_post_sidebar_id":"","_kad_post_content_style":"","_kad_post_vertical_padding":"","_kad_post_feature":"","_kad_post_feature_position":"","_kad_post_header":false,"_kad_post_footer":false,"_kad_post_classname":"","footnotes":""},"class_list":["post-20","page","type-page","status-publish","hentry"],"_links":{"self":[{"href":"https:\/\/hostalvalledeliregua.com\/index.php\/wp-json\/wp\/v2\/pages\/20","targetHints":{"allow":["GET"]}}],"collection":[{"href":"https:\/\/hostalvalledeliregua.com\/index.php\/wp-json\/wp\/v2\/pages"}],"about":[{"href":"https:\/\/hostalvalledeliregua.com\/index.php\/wp-json\/wp\/v2\/types\/page"}],"author":[{"embeddable":true,"href":"https:\/\/hostalvalledeliregua.com\/index.php\/wp-json\/wp\/v2\/users\/1"}],"replies":[{"embeddable":true,"href":"https:\/\/hostalvalledeliregua.com\/index.php\/wp-json\/wp\/v2\/comments?post=20"}],"version-history":[{"count":6,"href":"https:\/\/hostalvalledeliregua.com\/index.php\/wp-json\/wp\/v2\/pages\/20\/revisions"}],"predecessor-version":[{"id":137,"href":"https:\/\/hostalvalledeliregua.com\/index.php\/wp-json\/wp\/v2\/pages\/20\/revisions\/137"}],"wp:attachment":[{"href":"https:\/\/hostalvalledeliregua.com\/index.php\/wp-json\/wp\/v2\/media?parent=20"}],"curies":[{"name":"wp","href":"https:\/\/api.w.org\/{rel}","templated":true}]}}